ed by l?
21
Let t = -6 - -26. What is the remainder when t is divided by 5?
0
Let z(v) = 2*v**2 - 4*v - 9. What is the remainder when 81 is divided by z(5)?
18
Suppose 3*w + x - 54 = 3*x, 4*w - 3*x - 71 = 0. Let o(q) = 4*q**3 + q. Let i be o(-1). Let t = i + 16. What is the remainder when w is divided by t?
9
Suppose -f = -3*b + b + 147, 4*b + 5*f = 329. Suppose -3*k = 12, m - 4*k = -3*m + b. Calculate the remainder when m is divided by 6.
3
Let d(h) = h**2 + 2*h - 1. Let m be d(4). Suppose 140 = -3*p + m. Calculate the remainder when 37 is divided by p/(-2)*(-2)/(-3).
11
Suppose -g = -5*g + 64. Suppose -380 = 4*r + 6*q - q, r - q + 104 = 0. Let y = -54 - r. What is the remainder when y is divided by g?
14
Let c = -4 - -17. Calculate the remainder when 51 is divided by c.
12
Let x be -1 + 0 - 90/6. Let j(i) = i**2 - 6*i - 3. Let o be j(5). Let a = o - x. Calculate the remainder when a is divided by 3.
2
Let l(p) = -36*p**3 + 2*p**2 + p. Let v be l(-1). Suppose 5*x - 41 = -2*t, -2*x + x = 2*t - v. What is the remainder when t is divided by 10?
8
Let f(h) be the first derivative of -5*h**2 - h - 3. Calculate the remainder when f(-3) is divided by 10.
9
Let o be -14 - 1 - (-9)/3. Let d = o + 19. Calculate the remainder when 11 is divided by d.
4
Let a(q) = -q**2 - 1. Let h(c) = 4*c**2 + 11*c + 9. Let u(o) = -3*a(o) - h(o). What is the remainder when -1 + -1 - (3 - 26) is divided by u(-9)?
9
Suppose -5*n = -2 - 8. What is the remainder when (n/3)/((-4)/(-114)) is divided by 7?
5
Let u(j) = 3*j - 3. Let b = 8 - 3. What is the remainder when 0 + (-2 + 1)*-35 is divided by u(b)?
11
Suppose -w + 221 = 205. Calculate the remainder when 238 is divided by w.
14
Let y = -5 + 3. Let s = y - -4. Suppose 3*q = s*q + 11. What is the remainder when 20 is divided by q?
9
Let p = -20 + 52. Calculate the remainder when 126 is divided by p.
30
Let y = 17 + -5. Suppose 3*k - 117 = -x - 0*k, -529 = -5*x - k. Suppose -4*r + r + x = 0. What is the remainder when r is divided by y?
11
Suppose 121 + 23 = 2*q - 4*m, -5*q = -3*m - 346. Let v(h) = -h**2 - 8*h - 6. What is the remainder when (q/(-10))/((-4)/10) is divided by v(-5)?
8
Let y be (-100)/(-6) - (-2)/6. Let u = y + -7. Let g(a) = a**2 + 12*a + 4. Calculate the remainder when u is divided by g(-12).
2
Suppose 12 = 4*a, 0*u - 2*u + a = -27. Suppose 4*n = -4*q + 24, 0 = -3*q + 2*n + 21 - 3. Calculate the remainder when u is divided by q.
3
Let b(q) = q**3 - 4*q**2 - 5*q + 6. Calculate the remainder when b(6) is divided by 17.
14
Suppose 0 = 6*y - 5*y - 1. Let a be 0 + (-2)/(-2) - -6. Let m = y + a. What is the remainder when m is divided by 5?
3
Let i(x) = -x**3 - 3 - x**2 + 3*x - 7*x + 2*x. Calculate the remainder when 17 is divided by i(-2).
2
Suppose -24 = -5*z + k, -3*z + 4*z + 12 = -4*k. Calculate the remainder when z is divided by 1.
0
Calculate the remainder when 53 is divided by (-1 + 56/2)*(0 + 1).
26
What is the remainder when ((-4)/6)/((-34)/663) is divided by 5?
3
Suppose -5*y = -0 - 40. What is the remainder when -4 - (-16 + 6/(-3)) is divided by y?
6
Let t(b) = -5*b**2 - b. Let v be (-2)/7 + (-10)/14. Let c be t(v). Let u(j) = -4*j. What is the remainder when u(c) is divided by 9?
7
Suppose n - w = -1, -5*n - w = -2*n - 13. Suppose 59 = n*p - y, -2*y = -y + 2. What is the remainder when p is divided by 7?
5
Let q(k) = k**3 + 5*k**2 + 2. What is the remainder when q(-5) is divided by 2?
0
What is the remainder when 72 is divided by (112/21 + -6)/(4/(-114))?
15
Let q(i) = i**2 - 6*i + 9. Let d be q(6). Let x = d + 8. Let y = x + -4. What is the remainder when 37 is divided by y?
11
Let c(t) = 45*t**2 - 1. Let r be c(-1). Let q = -26 + r. Let u(p) = p**3 - 13*p**2 + 15*p - 26. What is the remainder when q is divided by u(12)?
8
Let k = 21 + -13. Suppose 12 = -5*h + k*h. What is the remainder when 13 is divided by h?
1
Suppose 0 = 4*h - 68. Let m = 56 + -6. What is the remainder when m is divided by h?
16
Let x be (8/(-16))/((-1)/40). Suppose 3*d = -3*z - 3, 7 - x = z + 4*d. Suppose -8 = o - 2*o + 5*p, 5*o - 40 = -p. What is the remainder when o is divided by z?
2
Let j = -63 + 38. Let c = j - -75. Let o(d) = -d**2 + d + 17. Calculate the remainder when c is divided by o(0).
16
Let n(a) be the first derivative of -17*a**3/3 - 2*a**2 - 2*a - 3. Let f be n(-2). What is the remainder when (3 - 4)/(2/f) is divided by 11?
9
What is the remainder when (-3)/(-9) - 274/(-6) is divided by 12?
10
Suppose -p - n + 69 = -0*n, -315 = -5*p + 5*n. Suppose 5*s = p + 19. Suppose -7*a + 16 = -3*a, -2*j + a = -8. What is the remainder when s is divided by j?
5
Let v(s) = -s**3 - s**2 + 2*s - 3. Suppose 0 = 3*j - 4*j. Suppose n + 3 = -j*n. What is the remainder when v(n) is divided by 4?
1
Suppose w - 3*w = 0. Suppose -5*u = -2*i + i + 28, 3*i + 5*u + 16 = w. Calculate the remainder when i is divided by 2.
1
Let a = -37 - -71. Suppose 4 = 2*h - 4. Suppose 0 = -2*f - x + 41, -f - f + 16 = -h*x. Calculate the remainder when a is divided by f.
16
Let i(s) = -2*s. Let p be i(4). What is the remainder when 2/p + 81/4 is divided by 11?
9
Calculate the remainder when 1*(-6)/4*(-260)/30 is divided by 5.
3
Let y(r) = -2*r - 8. Suppose 0 = 3*j - 30 - 39. Suppose -j = 4*v + 1. What is the remainder when y(v) is divided by 3?
1
Suppose -4*v + 3*l = -40, 2*v = -v - l + 43. Let a = 0 + v. What is the remainder when 38 is divided by a?
12
Suppose -37 = -3*z - 7. What is the remainder when 28 is divided by z?
8
Suppose 0 = j + 5*u - 26, 0 = -5*j + j + 5*u + 4. Suppose -g = -2*g + j. Calculate the remainder when 10 is divided by g.
4
Suppose -p - 2*p = -30. Let a(u) = -u**2 - 9*u - 1. Calculate the remainder when ((-4)/p)/((-3)/180) is divided by a(-7).
11
Suppose 129 = 3*k - 5*c, 3 = -3*c - 6. Suppose -z = -4*s + 7, s + 47 = 3*z + 13. Calculate the remainder when k is divided by z.
12
Let y = -1 + 4. What is the remainder when (-3)/6*(-234)/y is divided by 20?
19
Suppose -2*r + 9 + 21 = 2*q, 5*r + 3*q = 69. Calculate the remainder when 32 is divided by r.
8
What is the remainder when 177/4 + -4 + (-120)/(-32) is divided by 4?
0
Let f = 17 + -7. Calculate the remainder when 15 + (-5)/(f/6) is divided by 5.
2
Let i = 27 + -11. Suppose -3*p = i - 49. Calculate the remainder when 20 is divided by p.
9
Let t(g) = 4*g + 4. Suppose -6 = 3*l - 15. Let b(c) = 43*c**2 + 3*c - 1. Calculate the remainder when b(1) is divided by t(l).
13
Let z = 22 + -10. What is the remainder when 8 + 0*(-3)/z is divided by 3?
2
Let s(b) be the first derivative of -b**2 + 2*b + 8. Calculate the remainder when s(-14) is divided by 8.
6
Suppose 0*w = 2*b - w, -b = -4*w. Let g(r) = -r - 2. Let j be g(b). Calculate the remainder when -2 - (j - 26 - -1) is divided by 13.
12
Suppose 0 = 3*s + s - 64. Let i(k) = k**3 + 7*k**2 - 12*k - 1. What is the remainder when i(-8) is divided by s?
15
Suppose -8*v = -3*v + 3*h - 74, v + 5*h - 28 = 0. Let c = v - 4. Suppose 0 = -5*y + 77 + 8. What is the remainder when y is divided by c?
8
Let z = -8 + 11. Suppose 8 - 2 = z*c. Suppose -c = -2*r + 2. Calculate the remainder when 3 is divided by r.
1
Suppose 0 = -3*l - 5*u + 31, -4*l = -3*u - u - 52. What is the remainder when 37 + (1 - 0) + -3 is divided by l?
11
What is the remainder when 30/20 + 102/4 is divided by 14?
13
Let z = -15 + 21. Let p(b) = 3*b**2 + 4 - 4*b + 4*b**2 - z*b**2. What is the remainder when p(6) is divided by 9?
7
Suppose 0*t = t - 3, -4*t = -5*d + 118. Calculate the remainder when d is divided by 9.
8
Let a be (-8)/(-12)*3*-1. What is the remainder when 51*(a/(-3) - 0) is divided by ((-12)/5)/(1/(-5))?
10
What is the remainder when 47 is divided by -2 + 3 + -3 + 14?
11
Suppose -s = 2*n - 19 - 3, 3*s = -5*n + 56. Let l(c) = 5*c**2 - 2*c + 1. Suppose 0*b + 3 = 3*b. Calculate the remainder when n is divided by l(b).
2
Let q = 12 + 2. What is the remainder when 54 is divided by q?
12
Suppose -10 = -2*a + 4*m, a = -0*a - 3*m. Let c = 5 - a. Let x(b) = b**3 - b + 4. Calculate the remainder when x(0) is divided by c.
0
Suppose 3*y - 11 - 31 = 0. What is the remainder when 40 is divided by y?
12
Let l = -480 + 490. What is the remainder when l is divided by (-2)/(-4) + 3/2?
0
What is the remainder when 14/(-63) - ((-317)/9 + -2) is divided by 7?
2
Suppose -3*s + 12 = -